{"id":199,"date":"2020-10-11T19:38:26","date_gmt":"2020-10-11T17:38:26","guid":{"rendered":"http:\/\/drnholecko.site\/farnost\/?page_id=199"},"modified":"2020-10-12T17:29:12","modified_gmt":"2020-10-12T15:29:12","slug":"slovo-pastora","status":"publish","type":"page","link":"https:\/\/drnholecko.site\/farnost\/slovo-pastora\/","title":{"rendered":"Slovo duchovn\u00edho"},"content":{"rendered":"<ul class=\"lcp_catlist\" id=\"lcp_instance_0\"><li><a href=\"https:\/\/drnholecko.site\/farnost\/2023\/03\/19\/setkani-se-zmrtvychvstalym\/\">Setk\u00e1n\u00ed se zmrtv\u00fdchvstal\u00fdm<\/a>  19. 3. 2023<div class=\"lcp_excerpt\">\nEvangelista Luk\u00e1\u0161 vypr\u00e1v\u00ed n\u00e1dhern\u00e9 velikono\u010dn\u00ed evangelium o emauzsk\u00fdch u\u010dedn\u00edc\u00edch, kte\u0159\u00ed se setkali se vzk\u0159\u00ed\u0161en\u00fdm Kristem:\n\n\n&nbsp;&nbsp;&nbsp;&nbsp; Dva z Je\u017e\u00ed\u0161ov\u00fdch u\u010dedn\u00edk\u016f se ub\u00edrali do vesnice zvan\u00e9 Emauzy, kter\u00e1 je vzd\u00e1lena od Jeruzal\u00e9ma \u0161edes\u00e1t hon\u016f. Hovo\u0159ili spolu o tom v\u0161em, co se stalo. Jak tak hovo\u0159ili a uva\u017eovali, p\u0159ibl\u00ed\u017eil se k nim s\u00e1m Je\u017e\u00ed\u0161 a p\u0159ipojil se k ...<\/div><\/li><li><a href=\"https:\/\/drnholecko.site\/farnost\/2022\/12\/25\/vanocni-prani\/\">V\u00e1no\u010dn\u00ed p\u0159\u00e1n\u00ed<\/a>  25. 12. 2022<div class=\"lcp_excerpt\">\nV evangeliu Bo\u017e\u00edho hodu v\u00e1no\u010dn\u00edho p\u00ed\u0161e sv. Jan o Kristu: &#8221; Bylo sv\u011btlo prav\u00e9, kter\u00e9 osv\u011bcuje ka\u017ed\u00e9ho \u010dlov\u011bka; to p\u0159ich\u00e1zelo na sv\u011bt. Na sv\u011bt\u011b bylo a sv\u011bt povstal skrze n\u011b, ale sv\u011bt ho nepoznal. Do vlastn\u00edho p\u0159i\u0161el, ale vlastn\u00ed ho nep\u0159ijali. V\u0161em, kdo ho p\u0159ijali, dal moc st\u00e1t se Bo\u017e\u00edmi d\u011btmi.&#8221;\n\n\n&nbsp;&nbsp;&nbsp; A\u0165 n\u00e1s napln\u00ed hlubok\u00e1 ...<\/div><\/li><li><a href=\"https:\/\/drnholecko.site\/farnost\/2020\/12\/15\/vanocni-zamysleni-p-jiriho-komarka\/\">V\u00e1no\u010dn\u00ed zamy\u0161len\u00ed P. Ji\u0159\u00edho Kom\u00e1rka<\/a>  15. 12. 2020<div class=\"lcp_excerpt\">\nB\u016fh se zjevil\n\n\n\u00a0\u00a0\u00a0\u00a0\u00a0\u00a0\u00a0\u00a0\u00a0\u00a0Anglick\u00fd spisovatel G.K.Chesterton \u0159ekl: &#8220;\u010clov\u011bk za\u010dne \u017e\u00edt teprve v okam\u017eiku, kdy najde n\u011bco, co je mu dra\u017e\u0161\u00ed ne\u017e \u017eivot.&#8221; O V\u00e1noc\u00edch slav\u00edme narozen\u00ed toho, kter\u00fd je nejen prav\u00fd B\u016fh, ale i prav\u00fd \u010dlov\u011bk. Z toho je z\u0159ejm\u00e9, \u017ee bo\u017estv\u00ed a lidstv\u00ed se navz\u00e1jem nevylu\u010duj\u00ed. Pr\u00e1v\u011b l\u00e1ska Boha k \u010dlov\u011bku, kter\u00fd tak smutn\u011b dopadl ...<\/div><\/li><\/ul>\n","protected":false},"excerpt":{"rendered":"","protected":false},"author":1,"featured_media":0,"parent":0,"menu_order":0,"comment_status":"closed","ping_status":"closed","template":"","meta":[],"_links":{"self":[{"href":"https:\/\/drnholecko.site\/farnost\/wp-json\/wp\/v2\/pages\/199"}],"collection":[{"href":"https:\/\/drnholecko.site\/farnost\/wp-json\/wp\/v2\/pages"}],"about":[{"href":"https:\/\/drnholecko.site\/farnost\/wp-json\/wp\/v2\/types\/page"}],"author":[{"embeddable":true,"href":"https:\/\/drnholecko.site\/farnost\/wp-json\/wp\/v2\/users\/1"}],"replies":[{"embeddable":true,"href":"https:\/\/drnholecko.site\/farnost\/wp-json\/wp\/v2\/comments?post=199"}],"version-history":[{"count":18,"href":"https:\/\/drnholecko.site\/farnost\/wp-json\/wp\/v2\/pages\/199\/revisions"}],"predecessor-version":[{"id":228,"href":"https:\/\/drnholecko.site\/farnost\/wp-json\/wp\/v2\/pages\/199\/revisions\/228"}],"wp:attachment":[{"href":"https:\/\/drnholecko.site\/farnost\/wp-json\/wp\/v2\/media?parent=199"}],"curies":[{"name":"wp","href":"https:\/\/api.w.org\/{rel}","templated":true}]}}

Slovo duchovního

<ul class="lcp_catlist" id="lcp_instance_0"><li><a href="https://drnholecko.site/farnost/2023/03/19/setkani-se-zmrtvychvstalym/">Setkání se zmrtvýchvstalým</a>  19. 3. 2023<div class="lcp_excerpt">
Evangelista Lukáš vypráví nádherné velikonoční evangelium o emauzských učednících, kteří se setkali se vzkříšeným Kristem:


&nbsp;&nbsp;&nbsp;&nbsp; Dva z Ježíšových učedníků se ubírali do vesnice zvané Emauzy, která je vzdálena od Jeruzaléma šedesát honů. Hovořili spolu o tom všem, co se stalo. Jak tak hovořili a uvažovali, přiblížil se k nim sám Ježíš a připojil se k ...</div></li><li><a href="https://drnholecko.site/farnost/2022/12/25/vanocni-prani/">Vánoční přání</a>  25. 12. 2022<div class="lcp_excerpt">
V evangeliu Božího hodu vánočního píše sv. Jan o Kristu: &#8221; Bylo světlo pravé, které osvěcuje každého člověka; to přicházelo na svět. Na světě bylo a svět povstal skrze ně, ale svět ho nepoznal. Do vlastního přišel, ale vlastní ho nepřijali. Všem, kdo ho přijali, dal moc stát se Božími dětmi.&#8221;


&nbsp;&nbsp;&nbsp; Ať nás naplní hluboká ...</div></li><li><a href="https://drnholecko.site/farnost/2020/12/15/vanocni-zamysleni-p-jiriho-komarka/">Vánoční zamyšlení P. Jiřího Komárka</a>  15. 12. 2020<div class="lcp_excerpt">
Bůh se zjevil


          Anglický spisovatel G.K.Chesterton řekl: &#8220;Člověk začne žít teprve v okamžiku, kdy najde něco, co je mu dražší než život.&#8221; O Vánocích slavíme narození toho, který je nejen pravý Bůh, ale i pravý člověk. Z toho je zřejmé, že božství a lidství se navzájem nevylučují. Právě láska Boha k člověku, který tak smutně dopadl ...</div></li></ul>
